{"id":893,"date":"2024-07-23T12:31:44","date_gmt":"2024-07-23T10:31:44","guid":{"rendered":"https:\/\/www.ambici.cat\/?page_id=893"},"modified":"2024-07-23T12:45:07","modified_gmt":"2024-07-23T10:45:07","slug":"more-ambici-parking-spaces","status":"publish","type":"page","link":"https:\/\/www.ambici.cat\/en\/more-ambici-parking-spaces\/","title":{"rendered":"More AMBici parking spaces!"},"content":{"rendered":"<p><strong><img loading=\"lazy\" decoding=\"async\" class=\"alignnone size-medium wp-image-862\" src=\"https:\/\/www.ambici.cat\/wp-content\/uploads\/sites\/36\/2024\/07\/Ambici-overflow-900x450-1-300x150.jpg\" alt=\"\" width=\"300\" height=\"150\" srcset=\"https:\/\/www.ambici.cat\/wp-content\/uploads\/sites\/36\/2024\/07\/Ambici-overflow-900x450-1-300x150.jpg 300w, https:\/\/www.ambici.cat\/wp-content\/uploads\/sites\/36\/2024\/07\/Ambici-overflow-900x450-1-768x384.jpg 768w, https:\/\/www.ambici.cat\/wp-content\/uploads\/sites\/36\/2024\/07\/Ambici-overflow-900x450-1-480x240.jpg 480w, https:\/\/www.ambici.cat\/wp-content\/uploads\/sites\/36\/2024\/07\/Ambici-overflow-900x450-1-280x140.jpg 280w, https:\/\/www.ambici.cat\/wp-content\/uploads\/sites\/36\/2024\/07\/Ambici-overflow-900x450-1-200x100.jpg 200w, https:\/\/www.ambici.cat\/wp-content\/uploads\/sites\/36\/2024\/07\/Ambici-overflow-900x450-1.jpg 900w\" sizes=\"auto, (max-width: 300px) 100vw, 300px\" \/><\/strong><\/p>\n<p><strong>What are the municipalities and the new stations +P?<\/strong><\/p>\n<p class=\"p1\">Municipalities with stations +P: Badalona, Castelldefels, Cornell\u00e0 de Llobregat, Gav\u00e0, Sant Joan Desp\u00ed, Sant Just Desvern i Viladecans.<\/p>\n<p class=\"p1\">Below is a list of the AMBici stations with additional parking spaces:<\/p>\n<p class=\"p1\">Castelldefels \u2013 34771 \u2013 Platja de la Pineda<\/p>\n<p class=\"p1\">Castelldefels \u2013 34877 \u2013 Pla\u00e7a del Mar<\/p>\n<p class=\"p1\">Castelldefels \u2013 34769 \u2013 RENFE Castelldefels<\/p>\n<p class=\"p1\">Castelldefels \u2013 34878 \u2013 Platja de les Palmeres<\/p>\n<p class=\"p1\">Badalona \u2013 34705 \u2013 La Mora<\/p>\n<p class=\"p1\">Badalona \u2013 34718 \u2013 Platja del Coco<\/p>\n<p class=\"p1\">Badalona \u2013 34703 \u2013 Platja de\u2019n Botifarreta<\/p>\n<p class=\"p1\">Badalona \u2013 34710 \u2013 RENFE Badalona<\/p>\n<p class=\"p1\">Gav\u00e0 \u2013 34895 \u2013 RENFE Gav\u00e0<\/p>\n<p class=\"p1\">Gav\u00e0 \u2013 34800 \u2013 La Vela<\/p>\n<p class=\"p1\">Viladecans \u2013 34863 \u2013 RENFE Parc de la Marina<\/p>\n<p class=\"p1\">Cornell\u00e0 de Llobregat \u2013 34777 \u2013 FGC Cornell\u00e0 \u2013 Riera<\/p>\n<p class=\"p1\">Sant Just Desvern \u2013 34851 \u2013 TRAM Walden<\/p>\n<p class=\"p1\">Sant Joan Desp\u00ed \u2013 34844 \u2013 Pla\u00e7a del Pi<\/p>\n<p>&nbsp;<\/p>\n<p><strong>How does it work? Park your bicycle at a station +P?<\/strong><\/p>\n<p class=\"p1\">When you arrive at a station +P, if all the anchor points are full, you can leave your bicycle in the designated orange +P spaces. Lower the stand and padlock the rear wheel.<\/p>\n<p class=\"p1\">Remember to make sure you have correctly finalised your journey in the AMBici app (it may take 10 to 15 seconds).<\/p>\n<p class=\"p1\">Please comply with the rules, non-anchored bicycle parking is only permitted in the designated orange spaces located at AMBici +P stations.<\/p>\n<p>&nbsp;<\/p>\n<p><strong>How to start your journey at a station +P?<\/strong><\/p>\n<p>When you arrive at a station +P, preferably take one of the non-anchored bicycles and rent as normal.<br \/>\nRemember to lift the stand.<\/p>\n","protected":false},"excerpt":{"rendered":"<p>What are the municipalities and the new stations +P? Municipalities with stations +P: Badalona, Castelldefels, Cornell\u00e0 de Llobregat, Gav\u00e0, Sant Joan Desp\u00ed, Sant Just Desvern i Viladecans. Below is a list of the AMBici stations with additional parking spaces: Castelldefels \u2013 34771 \u2013 Platja de la Pineda Castelldefels \u2013 34877 \u2013 Pla\u00e7a del Mar Castelldefels [&hellip;]<\/p>\n","protected":false},"author":24,"featured_media":0,"parent":0,"menu_order":0,"comment_status":"closed","ping_status":"closed","template":"","meta":{"_acf_changed":false,"inline_featured_image":false,"footnotes":""},"class_list":["post-893","page","type-page","status-publish","hentry"],"acf":[],"yoast_head":"<!-- This site is optimized with the Yoast SEO plugin v27.2 - https:\/\/yoast.com\/product\/yoast-seo-wordpress\/ -->\n<title>More AMBici parking spaces! - Ambici<\/title>\n<meta name=\"robots\" content=\"index, follow, max-snippet:-1, max-image-preview:large, max-video-preview:-1\" \/>\n<link rel=\"canonical\" href=\"https:\/\/www.ambici.cat\/en\/more-ambici-parking-spaces\/\" \/>\n<meta property=\"og:locale\" content=\"en_US\" \/>\n<meta property=\"og:type\" content=\"article\" \/>\n<meta property=\"og:title\" content=\"More AMBici parking spaces! - Ambici\" \/>\n<meta property=\"og:description\" content=\"What are the municipalities and the new stations +P? Municipalities with stations +P: Badalona, Castelldefels, Cornell\u00e0 de Llobregat, Gav\u00e0, Sant Joan Desp\u00ed, Sant Just Desvern i Viladecans. Below is a list of the AMBici stations with additional parking spaces: Castelldefels \u2013 34771 \u2013 Platja de la Pineda Castelldefels \u2013 34877 \u2013 Pla\u00e7a del Mar Castelldefels [&hellip;]\" \/>\n<meta property=\"og:url\" content=\"https:\/\/www.ambici.cat\/en\/more-ambici-parking-spaces\/\" \/>\n<meta property=\"og:site_name\" content=\"Ambici\" \/>\n<meta property=\"article:modified_time\" content=\"2024-07-23T10:45:07+00:00\" \/>\n<meta property=\"og:image\" content=\"https:\/\/www.ambici.cat\/wp-content\/uploads\/sites\/36\/2024\/07\/Ambici-overflow-900x450-1-300x150.jpg\" \/>\n<meta name=\"twitter:card\" content=\"summary_large_image\" \/>\n<meta name=\"twitter:label1\" content=\"Est. reading time\" \/>\n\t<meta name=\"twitter:data1\" content=\"2 minutes\" \/>\n<script type=\"application\/ld+json\" class=\"yoast-schema-graph\">{\"@context\":\"https:\/\/schema.org\",\"@graph\":[{\"@type\":\"WebPage\",\"@id\":\"https:\/\/www.ambici.cat\/en\/more-ambici-parking-spaces\/\",\"url\":\"https:\/\/www.ambici.cat\/en\/more-ambici-parking-spaces\/\",\"name\":\"More AMBici parking spaces! - Ambici\",\"isPartOf\":{\"@id\":\"https:\/\/www.ambici.cat\/en\/#website\"},\"primaryImageOfPage\":{\"@id\":\"https:\/\/www.ambici.cat\/en\/more-ambici-parking-spaces\/#primaryimage\"},\"image\":{\"@id\":\"https:\/\/www.ambici.cat\/en\/more-ambici-parking-spaces\/#primaryimage\"},\"thumbnailUrl\":\"https:\/\/www.ambici.cat\/wp-content\/uploads\/sites\/36\/2024\/07\/Ambici-overflow-900x450-1-300x150.jpg\",\"datePublished\":\"2024-07-23T10:31:44+00:00\",\"dateModified\":\"2024-07-23T10:45:07+00:00\",\"breadcrumb\":{\"@id\":\"https:\/\/www.ambici.cat\/en\/more-ambici-parking-spaces\/#breadcrumb\"},\"inLanguage\":\"en-US\",\"potentialAction\":[{\"@type\":\"ReadAction\",\"target\":[\"https:\/\/www.ambici.cat\/en\/more-ambici-parking-spaces\/\"]}]},{\"@type\":\"ImageObject\",\"inLanguage\":\"en-US\",\"@id\":\"https:\/\/www.ambici.cat\/en\/more-ambici-parking-spaces\/#primaryimage\",\"url\":\"https:\/\/www.ambici.cat\/wp-content\/uploads\/sites\/36\/2024\/07\/Ambici-overflow-900x450-1-300x150.jpg\",\"contentUrl\":\"https:\/\/www.ambici.cat\/wp-content\/uploads\/sites\/36\/2024\/07\/Ambici-overflow-900x450-1-300x150.jpg\"},{\"@type\":\"BreadcrumbList\",\"@id\":\"https:\/\/www.ambici.cat\/en\/more-ambici-parking-spaces\/#breadcrumb\",\"itemListElement\":[{\"@type\":\"ListItem\",\"position\":1,\"name\":\"Startseite\",\"item\":\"https:\/\/www.ambici.cat\/en\/\"},{\"@type\":\"ListItem\",\"position\":2,\"name\":\"More AMBici parking spaces!\"}]},{\"@type\":\"WebSite\",\"@id\":\"https:\/\/www.ambici.cat\/en\/#website\",\"url\":\"https:\/\/www.ambici.cat\/en\/\",\"name\":\"Ambici\",\"description\":\"La bicicleta metropolitana\",\"potentialAction\":[{\"@type\":\"SearchAction\",\"target\":{\"@type\":\"EntryPoint\",\"urlTemplate\":\"https:\/\/www.ambici.cat\/en\/?s={search_term_string}\"},\"query-input\":{\"@type\":\"PropertyValueSpecification\",\"valueRequired\":true,\"valueName\":\"search_term_string\"}}],\"inLanguage\":\"en-US\"}]}<\/script>\n<!-- \/ Yoast SEO plugin. -->","yoast_head_json":{"title":"More AMBici parking spaces! - Ambici","robots":{"index":"index","follow":"follow","max-snippet":"max-snippet:-1","max-image-preview":"max-image-preview:large","max-video-preview":"max-video-preview:-1"},"canonical":"https:\/\/www.ambici.cat\/en\/more-ambici-parking-spaces\/","og_locale":"en_US","og_type":"article","og_title":"More AMBici parking spaces! - Ambici","og_description":"What are the municipalities and the new stations +P? Municipalities with stations +P: Badalona, Castelldefels, Cornell\u00e0 de Llobregat, Gav\u00e0, Sant Joan Desp\u00ed, Sant Just Desvern i Viladecans. Below is a list of the AMBici stations with additional parking spaces: Castelldefels \u2013 34771 \u2013 Platja de la Pineda Castelldefels \u2013 34877 \u2013 Pla\u00e7a del Mar Castelldefels [&hellip;]","og_url":"https:\/\/www.ambici.cat\/en\/more-ambici-parking-spaces\/","og_site_name":"Ambici","article_modified_time":"2024-07-23T10:45:07+00:00","og_image":[{"url":"https:\/\/www.ambici.cat\/wp-content\/uploads\/sites\/36\/2024\/07\/Ambici-overflow-900x450-1-300x150.jpg","type":"","width":"","height":""}],"twitter_card":"summary_large_image","twitter_misc":{"Est. reading time":"2 minutes"},"schema":{"@context":"https:\/\/schema.org","@graph":[{"@type":"WebPage","@id":"https:\/\/www.ambici.cat\/en\/more-ambici-parking-spaces\/","url":"https:\/\/www.ambici.cat\/en\/more-ambici-parking-spaces\/","name":"More AMBici parking spaces! - Ambici","isPartOf":{"@id":"https:\/\/www.ambici.cat\/en\/#website"},"primaryImageOfPage":{"@id":"https:\/\/www.ambici.cat\/en\/more-ambici-parking-spaces\/#primaryimage"},"image":{"@id":"https:\/\/www.ambici.cat\/en\/more-ambici-parking-spaces\/#primaryimage"},"thumbnailUrl":"https:\/\/www.ambici.cat\/wp-content\/uploads\/sites\/36\/2024\/07\/Ambici-overflow-900x450-1-300x150.jpg","datePublished":"2024-07-23T10:31:44+00:00","dateModified":"2024-07-23T10:45:07+00:00","breadcrumb":{"@id":"https:\/\/www.ambici.cat\/en\/more-ambici-parking-spaces\/#breadcrumb"},"inLanguage":"en-US","potentialAction":[{"@type":"ReadAction","target":["https:\/\/www.ambici.cat\/en\/more-ambici-parking-spaces\/"]}]},{"@type":"ImageObject","inLanguage":"en-US","@id":"https:\/\/www.ambici.cat\/en\/more-ambici-parking-spaces\/#primaryimage","url":"https:\/\/www.ambici.cat\/wp-content\/uploads\/sites\/36\/2024\/07\/Ambici-overflow-900x450-1-300x150.jpg","contentUrl":"https:\/\/www.ambici.cat\/wp-content\/uploads\/sites\/36\/2024\/07\/Ambici-overflow-900x450-1-300x150.jpg"},{"@type":"BreadcrumbList","@id":"https:\/\/www.ambici.cat\/en\/more-ambici-parking-spaces\/#breadcrumb","itemListElement":[{"@type":"ListItem","position":1,"name":"Startseite","item":"https:\/\/www.ambici.cat\/en\/"},{"@type":"ListItem","position":2,"name":"More AMBici parking spaces!"}]},{"@type":"WebSite","@id":"https:\/\/www.ambici.cat\/en\/#website","url":"https:\/\/www.ambici.cat\/en\/","name":"Ambici","description":"La bicicleta metropolitana","potentialAction":[{"@type":"SearchAction","target":{"@type":"EntryPoint","urlTemplate":"https:\/\/www.ambici.cat\/en\/?s={search_term_string}"},"query-input":{"@type":"PropertyValueSpecification","valueRequired":true,"valueName":"search_term_string"}}],"inLanguage":"en-US"}]}},"_links":{"self":[{"href":"https:\/\/www.ambici.cat\/en\/wp-json\/wp\/v2\/pages\/893","targetHints":{"allow":["GET"]}}],"collection":[{"href":"https:\/\/www.ambici.cat\/en\/wp-json\/wp\/v2\/pages"}],"about":[{"href":"https:\/\/www.ambici.cat\/en\/wp-json\/wp\/v2\/types\/page"}],"author":[{"embeddable":true,"href":"https:\/\/www.ambici.cat\/en\/wp-json\/wp\/v2\/users\/24"}],"replies":[{"embeddable":true,"href":"https:\/\/www.ambici.cat\/en\/wp-json\/wp\/v2\/comments?post=893"}],"version-history":[{"count":5,"href":"https:\/\/www.ambici.cat\/en\/wp-json\/wp\/v2\/pages\/893\/revisions"}],"predecessor-version":[{"id":912,"href":"https:\/\/www.ambici.cat\/en\/wp-json\/wp\/v2\/pages\/893\/revisions\/912"}],"wp:attachment":[{"href":"https:\/\/www.ambici.cat\/en\/wp-json\/wp\/v2\/media?parent=893"}],"curies":[{"name":"wp","href":"https:\/\/api.w.org\/{rel}","templated":true}]}}

<p><strong><img loading="lazy" decoding="async" class="alignnone size-medium wp-image-862" src="https://www.ambici.cat/wp-content/uploads/sites/36/2024/07/Ambici-overflow-900x450-1-300x150.jpg" alt="" width="300" height="150" srcset="https://www.ambici.cat/wp-content/uploads/sites/36/2024/07/Ambici-overflow-900x450-1-300x150.jpg 300w, https://www.ambici.cat/wp-content/uploads/sites/36/2024/07/Ambici-overflow-900x450-1-768x384.jpg 768w, https://www.ambici.cat/wp-content/uploads/sites/36/2024/07/Ambici-overflow-900x450-1-480x240.jpg 480w, https://www.ambici.cat/wp-content/uploads/sites/36/2024/07/Ambici-overflow-900x450-1-280x140.jpg 280w, https://www.ambici.cat/wp-content/uploads/sites/36/2024/07/Ambici-overflow-900x450-1-200x100.jpg 200w, https://www.ambici.cat/wp-content/uploads/sites/36/2024/07/Ambici-overflow-900x450-1.jpg 900w" sizes="auto, (max-width: 300px) 100vw, 300px" /></strong></p>
<p><strong>What are the municipalities and the new stations +P?</strong></p>
<p class="p1">Municipalities with stations +P: Badalona, Castelldefels, Cornellà de Llobregat, Gavà, Sant Joan Despí, Sant Just Desvern i Viladecans.</p>
<p class="p1">Below is a list of the AMBici stations with additional parking spaces:</p>
<p class="p1">Castelldefels – 34771 – Platja de la Pineda</p>
<p class="p1">Castelldefels – 34877 – Plaça del Mar</p>
<p class="p1">Castelldefels – 34769 – RENFE Castelldefels</p>
<p class="p1">Castelldefels – 34878 – Platja de les Palmeres</p>
<p class="p1">Badalona – 34705 – La Mora</p>
<p class="p1">Badalona – 34718 – Platja del Coco</p>
<p class="p1">Badalona – 34703 – Platja de’n Botifarreta</p>
<p class="p1">Badalona – 34710 – RENFE Badalona</p>
<p class="p1">Gavà – 34895 – RENFE Gavà</p>
<p class="p1">Gavà – 34800 – La Vela</p>
<p class="p1">Viladecans – 34863 – RENFE Parc de la Marina</p>
<p class="p1">Cornellà de Llobregat – 34777 – FGC Cornellà – Riera</p>
<p class="p1">Sant Just Desvern – 34851 – TRAM Walden</p>
<p class="p1">Sant Joan Despí – 34844 – Plaça del Pi</p>
<p>&nbsp;</p>
<p><strong>How does it work? Park your bicycle at a station +P?</strong></p>
<p class="p1">When you arrive at a station +P, if all the anchor points are full, you can leave your bicycle in the designated orange +P spaces. Lower the stand and padlock the rear wheel.</p>
<p class="p1">Remember to make sure you have correctly finalised your journey in the AMBici app (it may take 10 to 15 seconds).</p>
<p class="p1">Please comply with the rules, non-anchored bicycle parking is only permitted in the designated orange spaces located at AMBici +P stations.</p>
<p>&nbsp;</p>
<p><strong>How to start your journey at a station +P?</strong></p>
<p>When you arrive at a station +P, preferably take one of the non-anchored bicycles and rent as normal.<br />
Remember to lift the stand.</p>

<p>What are the municipalities and the new stations +P? Municipalities with stations +P: Badalona, Castelldefels, Cornellà de Llobregat, Gavà, Sant Joan Despí, Sant Just Desvern i Viladecans. Below is a list of the AMBici stations with additional parking spaces: Castelldefels – 34771 – Platja de la Pineda Castelldefels – 34877 – Plaça del Mar Castelldefels [&hellip;]</p>

<!-- This site is optimized with the Yoast SEO plugin v27.2 - https://yoast.com/product/yoast-seo-wordpress/ -->
<title>More AMBici parking spaces! - Ambici</title>
<meta name="robots" content="index, follow, max-snippet:-1, max-image-preview:large, max-video-preview:-1" />
<link rel="canonical" href="https://www.ambici.cat/en/more-ambici-parking-spaces/" />
<meta property="og:locale" content="en_US" />
<meta property="og:type" content="article" />
<meta property="og:title" content="More AMBici parking spaces! - Ambici" />
<meta property="og:description" content="What are the municipalities and the new stations +P? Municipalities with stations +P: Badalona, Castelldefels, Cornellà de Llobregat, Gavà, Sant Joan Despí, Sant Just Desvern i Viladecans. Below is a list of the AMBici stations with additional parking spaces: Castelldefels – 34771 – Platja de la Pineda Castelldefels – 34877 – Plaça del Mar Castelldefels [&hellip;]" />
<meta property="og:url" content="https://www.ambici.cat/en/more-ambici-parking-spaces/" />
<meta property="og:site_name" content="Ambici" />
<meta property="article:modified_time" content="2024-07-23T10:45:07+00:00" />
<meta property="og:image" content="https://www.ambici.cat/wp-content/uploads/sites/36/2024/07/Ambici-overflow-900x450-1-300x150.jpg" />
<meta name="twitter:card" content="summary_large_image" />
<meta name="twitter:label1" content="Est. reading time" />
	<meta name="twitter:data1" content="2 minutes" />
<script type="application/ld+json" class="yoast-schema-graph">{"@context":"https://schema.org","@graph":[{"@type":"WebPage","@id":"https://www.ambici.cat/en/more-ambici-parking-spaces/","url":"https://www.ambici.cat/en/more-ambici-parking-spaces/","name":"More AMBici parking spaces! - Ambici","isPartOf":{"@id":"https://www.ambici.cat/en/#website"},"primaryImageOfPage":{"@id":"https://www.ambici.cat/en/more-ambici-parking-spaces/#primaryimage"},"image":{"@id":"https://www.ambici.cat/en/more-ambici-parking-spaces/#primaryimage"},"thumbnailUrl":"https://www.ambici.cat/wp-content/uploads/sites/36/2024/07/Ambici-overflow-900x450-1-300x150.jpg","datePublished":"2024-07-23T10:31:44+00:00","dateModified":"2024-07-23T10:45:07+00:00","breadcrumb":{"@id":"https://www.ambici.cat/en/more-ambici-parking-spaces/#breadcrumb"},"inLanguage":"en-US","potentialAction":[{"@type":"ReadAction","target":["https://www.ambici.cat/en/more-ambici-parking-spaces/"]}]},{"@type":"ImageObject","inLanguage":"en-US","@id":"https://www.ambici.cat/en/more-ambici-parking-spaces/#primaryimage","url":"https://www.ambici.cat/wp-content/uploads/sites/36/2024/07/Ambici-overflow-900x450-1-300x150.jpg","contentUrl":"https://www.ambici.cat/wp-content/uploads/sites/36/2024/07/Ambici-overflow-900x450-1-300x150.jpg"},{"@type":"BreadcrumbList","@id":"https://www.ambici.cat/en/more-ambici-parking-spaces/#breadcrumb","itemListElement":[{"@type":"ListItem","position":1,"name":"Startseite","item":"https://www.ambici.cat/en/"},{"@type":"ListItem","position":2,"name":"More AMBici parking spaces!"}]},{"@type":"WebSite","@id":"https://www.ambici.cat/en/#website","url":"https://www.ambici.cat/en/","name":"Ambici","description":"La bicicleta metropolitana","potentialAction":[{"@type":"SearchAction","target":{"@type":"EntryPoint","urlTemplate":"https://www.ambici.cat/en/?s={search_term_string}"},"query-input":{"@type":"PropertyValueSpecification","valueRequired":true,"valueName":"search_term_string"}}],"inLanguage":"en-US"}]}</script>
<!-- / Yoast SEO plugin. -->

What are the municipalities and the new stations +P? Municipalities with stations +P: Badalona, Castelldefels, Cornellà de Llobregat, Gavà, Sant Joan Despí, Sant Just Desvern i Viladecans. Below is a list of the AMBici stations with additional parking spaces: Castelldefels – 34771 – Platja de la Pineda Castelldefels – 34877 – Plaça del Mar Castelldefels [&hellip;]
